851027 composite?
True
Is 1739819 a prime number?
False
Is 1861273 a prime number?
False
Is 1584203 a composite number?
False
Is 157408183 prime?
True
Is 40744211 prime?
False
Is 3953791 a prime number?
True
Is 1184499247 a composite number?
True
Is 37473211 a prime number?
False
Is 18100113 a prime number?
False
Is 46730657 a prime number?
True
Is 57477841 a prime number?
False
Is 2652029 a composite number?
False
Is 1204030811 prime?
False
Is 3989569 composite?
False
Is 148930477 composite?
True
Is 12726381 a composite number?
True
Is 47018669 prime?
True
Is 236712293 a composite number?
False
Is 11666189 composite?
True
Is 1745225141 a composite number?
True
Is 2341531 a prime number?
True
Is 3217889 prime?
False
Is 285877 a composite number?
True
Is 64394635 composite?
True
Is 269843737 prime?
False
Is 78130463 composite?
False
Is 5773142 prime?
False
Is 7383689 a prime number?
True
Is 147795443 a prime number?
False
Is 1442761 prime?
False
Is 67881061 composite?
False
Is 134258869 prime?
True
Is 7896881 a composite number?
True
Is 470993 prime?
True
Is 71132038 a composite number?
True
Is 63457189 prime?
False
Is 225557471 composite?
False
Is 9363799 composite?
False
Is 39626497 prime?
True
Is 27196363 composite?
True
Is 18269357 composite?
False
Is 18898241 a composite number?
False
Is 123024907 a composite number?
True
Is 53805127 composite?
True
Is 76568881 a prime number?
True
Is 2622478 prime?
False
Is 113709763 composite?
False
Is 833251 composite?
False
Is 2328367 composite?
True
Is 15359 a prime number?
True
Is 170358667 a composite number?
False
Is 2792659 a prime number?
True
Is 1450551089 a composite number?
True
Is 53829377 prime?
False
Is 2904247 prime?
True
Is 174638441 prime?
True
Is 3702301 composite?
False
Is 7943059 a composite number?
False
Is 26294297 composite?
False
Is 117011777 a prime number?
False
Is 111292583 composite?
True
Is 29890381 a composite number?
True
Is 2789821 a prime number?
True
Is 63707401 prime?
False
Is 1098869 a composite number?
True
Is 45169 prime?
False
Is 87265033 prime?
True
Is 261803 a prime number?
False
Is 522561257 a prime number?
True
Is 8953571 composite?
True
Is 29512337 composite?
False
Is 5521339 a prime number?
False
Is 26216723 a composite number?
True
Is 1818107 prime?
True
Is 73919509 composite?
False
Is 3158557 a composite number?
False
Is 21677335 composite?
True
Is 11801786 a composite number?
True
Is 1127885521 a composite number?
True
Is 13560343 composite?
False
Is 1914841 a composite number?
True
Is 2920571 a prime number?
True
Is 4055221 a composite number?
False
Is 545881939 a composite number?
False
Is 54868531 prime?
True
Is 4512113 a prime number?
False
Is 2577821 a composite number?
False
Is 4995059 composite?
True
Is 20441233 a prime number?
True
Is 16291571 a composite number?
False
Is 1196773 composite?
False
Is 3294454 composite?
True
Is 55386619 a composite number?
True
Is 22911311 a composite number?
True
Is 5154323 a prime number?
False
Is 2474101 a composite number?
True
Is 2181577 composite?
False
Is 3010919 composite?
True
Is 1008617 a composite number?
False
Is 67878749 composite?
False
Is 2662651 prime?
True
Is 119753701 composite?
False
Is 276524551 composite?
False
Is 50119597 a prime number?
False
Is 5364127 a composite number?
False
Is 2336277 prime?
False
Is 17287069 a composite number?
False
Is 3322651 a prime number?
False
Is 4860197 prime?
False
Is 6928177 a prime number?
False
Is 605287 a composite number?
True
Is 10910591 a prime number?
False
Is 1725193 composite?
True
Is 6218171 a composite number?
True
Is 28356509 composite?
True
Is 71418443 a composite number?
True
Is 114048343 a composite number?
False
Is 4869743 prime?
True
Is 46815169 a composite number?
False
Is 10418647 composite?
False
Is 4500851 a prime number?
True
Is 45226109 composite?
True
Is 37801481 a prime number?
True
Is 2520971 a prime number?
True
Is 177986849 prime?
True
Is 43375793 a prime number?
False
Is 1015676437 a prime number?
False
Is 70462111 prime?
False
Is 138407 a prime number?
True
Is 191638087 a prime number?
False
Is 22411397 a composite number?
False
Is 994751 a composite number?
False
Is 12010841 prime?
True
Is 63242555 prime?
False
Is 4969513 composite?
True
Is 459412121 prime?
False
Is 10006483 composite?
True
Is 20343401 prime?
False
Is 76350367 composite?
False
Is 3631703 composite?
False
Is 1717883 a prime number?
False
Is 69625279 composite?
True
Is 305703527 prime?
True
Is 557472131 composite?
True
Is 58245689 composite?
True
Is 7904707 composite?
False
Is 2713933 a prime number?
True
Is 10551271 a prime number?
False
Is 113343 composite?
True
Is 84025907 prime?
False
Is 11339819 prime?
True
Is 2413127 prime?
False
Is 233813299 a prime number?
True
Is 22372073 a prime number?
False
Is 3201689 prime?
True
Is 1892599 prime?
True
Is 41033341 a prime number?
False
Is 1285969 a prime number?
True
Is 3717267 a composite number?
True
Is 14127077 a prime number?
False
Is 16079957 a prime number?
True
Is 12243601 composite?
False
Is 13871687 a composite number?
False
Is 1815179 a prime number?
True
Is 837809 a prime number?
False
Is 16948241 prime?
False
Is 16912949 prime?
False
Is 338331317 prime?
True
Is 4213271 a composite number?
True
Is 5539181 a composite number?
False
Is 7067 a prime number?
False
Is 29508257 a prime number?
False
Is 6782519 a prime number?
False
Is 11869811 composite?
False
Is 17892939 composite?
True
Is 69664055 a prime number?
False
Is 2446547 prime?
False
Is 314851 composite?
False
Is 42691361 a prime number?
True
Is 2320673 a composite number?
False
Is 3728357 a prime number?
True
Is 33810627 composite?
True
Is 203108627 composite?
False
Is 91367 a composite number?
False
Is 11153321 a prime number?
False
Is 28797137 prime?
False
Is 22925993 a composite number?
True
Is 7911507 prime?
False
Is 211242233 prime?
True
Is 2307133 a prime number?
False
Is 111655795 a prime number?
False
Is 22385609 prime?
True
Is 528845543 a prime number?
True
Is 420124487 a prime number?
True
Is 701560001 a composite number?
False
Is 7338869 a composite number?
False
Is 124559509 a composite number?
False
Is 602638 prime?
False
Is 497609101 composite?
True
Is 1601197 a prime number?
False
Is 325571 prime?
True
Is 23032459 a prime number?
False
Is 87706291 composite?
True
Is 197291893 composite?
False
Is 14198461 composite?
True
Is 86662483 composite?
True
Is 59636297 a composite number?
True
Is 10747271 a prime number?
True
Is 10244089 a composite number?
False
Is 15216049 prime?
True
Is 49850831 a composite number?
True
Is 710807 composite?
True
Is 11827661 prime?
False
Is 3812591 a prime number?
False
Is 596068633 a composite number?
False
Is 1314337 prime?
False
Is 12672499 prime?
False
Is 19440409 composite?
True
Is 2129943 prime?
False
Is 9419227 a prime number?
False
Is 8159237 a composite number?
True
Is 1972393 a composite number?
True
Is 220045138 composite?
True
Is 70699763 composite?
False
Is 77873849 a composite number?
False
Is 72345071 a prime number?
True
Is 31977941 a prime number?
False
Is 712033 prime?
False
Is 2144833 a composite number?
True
Is 3144551 a composite number?
False
Is 66690053 a composite number?
True
Is 24685642 a composite number?
True
Is 1155373 composite?
False
Is 10648871 composite?
False
Is 54044099 composite?
False
Is 4722727 prime?
False
Is 5675663 prime?
False
Is 6310879 a prime number?
True
Is 4519189 prime?
True
Is 42413171 a composite number?
True
Is 1926206 a composite number?
True
Is 2427431 composite?
False
Is 43842221 prime?
False
Is 2829949 prime?
True
Is 43595249 prime?
False
Is 2325221 a prime number?
False
Is 56242891 a composite number?
False
Is 4395613 a composite number?
False
Is 35509103 prime?
False
Is 13483061 prime?
False
Is 7885919 a prime number?
True
Is 37991111 a composite number?
False
Is 70712513 prime?
False
Is 76532039 composite?
True
Is 17826371 prime?
True
Is 6488297 prime?
True
Is 4745203 a prime number?
False
Is 3502993 composite?
True
Is 2968909 prime?
False
Is 4813283 a prime number?
True
Is 90964051 a prime number?
False
Is 14123105 a composite number?
True
Is 2091217 a prime number?
False
Is 14519537 a composite number?
False
Is 16164527 composite?
False
Is 25320371 a pr